7188474?
False
Is 9584374 a multiple of 794?
True
Is 57875004 a multiple of 612?
True
Is 53 a factor of 4387022?
True
Is 19 a factor of 15007104?
False
Is 3188 a factor of 1802855444?
True
Is 6339 a factor of 223880802?
True
Is 14 a factor of 17707606?
True
Is 13462390 a multiple of 79?
True
Is 1373461 a multiple of 32?
False
Does 1835 divide 472875830?
True
Does 4 divide 12482654?
False
Does 71 divide 223886572?
True
Is 219 a factor of 967308207?
False
Is 297166 a multiple of 31?
True
Does 3100 divide 284831100?
True
Does 3907 divide 270864496?
True
Is 169848293 a multiple of 287?
False
Is 16 a factor of 13810992?
True
Is 61660359 a multiple of 27?
True
Does 113 divide 148112586?
False
Is 5869680 a multiple of 222?
True
Is 20 a factor of 214490060?
True
Is 2898661992 a multiple of 74?
True
Does 23 divide 164103942?
True
Is 15 a factor of 406696260?
True
Is 14175054 a multiple of 16?
False
Is 7 a factor of 209026328?
True
Does 458 divide 2335613859?
False
Is 553 a factor of 13633017?
False
Does 454 divide 684738124?
False
Is 3 a factor of 44145413?
False
Does 1890 divide 1785455564?
False
Does 22 divide 284135512?
False
Does 393 divide 699530568?
True
Is 820353232 a multiple of 16?
True
Is 1244317296 a multiple of 23?
True
Is 163 a factor of 20396154?
False
Is 927429658 a multiple of 93?
False
Is 10018584 a multiple of 3?
True
Is 6599076800 a multiple of 17257?
True
Is 16 a factor of 276660964?
False
Is 59 a factor of 3126392202?
False
Is 4041 a factor of 333410685?
False
Is 31 a factor of 205599755?
False
Does 42 divide 513013998?
True
Is 29 a factor of 25222680?
False
Does 84 divide 7953478?
False
Is 257 a factor of 387431223?
False
Is 395 a factor of 507477577?
False
Is 83 a factor of 302179013?
True
Is 1529814351 a multiple of 6177?
True
Is 3 a factor of 14693844?
True
Is 1631188 a multiple of 52?
True
Does 772 divide 6657724?
False
Is 563 a factor of 157419867?
True
Is 803302811 a multiple of 39?
False
Is 276219611 a multiple of 51?
False
Does 23 divide 28613724?
False
Is 17459910 a multiple of 234?
True
Does 5 divide 83133865?
True
Is 324004168 a multiple of 54?
False
Is 89 a factor of 6255276?
True
Does 12 divide 4716635?
False
Does 2494 divide 518385382?
True
Does 6 divide 80904537?
False
Is 308 a factor of 247336012?
True
Does 2784 divide 154770912?
True
Does 129 divide 57398679?
True
Is 399134753 a multiple of 157?
False
Is 8280935 a multiple of 5?
True
Is 127786207 a multiple of 29?
False
Is 62 a factor of 1651956886?
False
Is 4 a factor of 317587?
False
Is 131 a factor of 1933081850?
True
Does 45 divide 280309776?
False
Is 96 a factor of 2555712137?
False
Is 160 a factor of 43985015?
False
Is 8458913 a multiple of 54?
False
Is 1929 a factor of 60339673?
False
Is 1330 a factor of 847501270?
True
Is 22 a factor of 324721364?
True
Is 7589830 a multiple of 6?
False
Does 6812 divide 2009880600?
True
Is 12596287 a multiple of 43?
False
Is 81554609 a multiple of 12?
False
Is 51 a factor of 90216932?
False
Is 4171 a factor of 194317769?
False
Is 64 a factor of 4081026?
False
Is 825 a factor of 36918712?
False
Is 3544 a factor of 1958648304?
True
Is 41 a factor of 205513165?
False
Is 42 a factor of 240047052?
True
Is 57 a factor of 1080412066?
False
Is 9402333 a multiple of 179?
True
Is 280064475 a multiple of 75?
True
Does 23 divide 49083725?
True
Does 1279 divide 463702729?
True
Is 674 a factor of 97447594?
True
Does 2162 divide 140315962?
True
Is 512 a factor of 21049698?
False
Does 63 divide 36219645?
True
Is 292 a factor of 809716?
True
Is 5157012060 a multiple of 45?
True
Is 162 a factor of 71089002?
True
Is 415268994 a multiple of 156?
False
Is 60671352 a multiple of 64?
False
Is 23274212 a multiple of 4?
True
Does 9 divide 14085225?
True
Is 88903151 a multiple of 14?
False
Does 96 divide 69833852?
False
Is 513453556 a multiple of 109?
False
Is 2432458 a multiple of 19?
False
Is 20267959 a multiple of 92?
False
Does 2720 divide 214308447?
False
Is 222674295 a multiple of 3?
True
Is 737 a factor of 44520696?
True
Is 583 a factor of 252652420?
False
Is 701 a factor of 5127583?
False
Does 4468 divide 5643804439?
False
Is 3064481000 a multiple of 215?
True
Is 479741596 a multiple of 2948?
False
Is 630466344 a multiple of 516?
True
Does 198 divide 4997870?
False
Does 561 divide 94259781?
True
Is 12172176 a multiple of 24?
True
Does 11 divide 89572681?
True
Does 1525 divide 855213192?
False
Is 226 a factor of 2097402656?
False
Is 71 a factor of 231801794?
True
Is 1168 a factor of 165784752?
True
Is 224141715 a multiple of 27?
True
Is 4068200 a multiple of 25?
True
Is 1469016 a multiple of 162?
True
Is 300365628 a multiple of 28?
False
Is 24 a factor of 1641709852?
False
Is 2 a factor of 6493334?
True
Is 63 a factor of 1015278012?
True
Does 355 divide 2126278941?
False
Is 2145 a factor of 288747725?
False
Is 23 a factor of 57360367?
True
Is 265498468 a multiple of 250?
False
Is 41021620 a multiple of 20?
True
Is 11030994 a multiple of 118?
True
Does 707 divide 4068786?
False
Is 702070351 a multiple of 8?
False
Does 874 divide 1977546486?
True
Is 9691 a factor of 460148062?
True
Is 191 a factor of 135401046?
True
Is 98622537 a multiple of 9?
False
Is 4895340483 a multiple of 209?
False
Is 50229306 a multiple of 158?
True
Is 214 a factor of 413894556?
False
Does 7 divide 173601050?
True
Is 153359845 a multiple of 50?
False
Does 122 divide 19570507?
False
Is 26 a factor of 2161677569?
False
Is 35666479 a multiple of 30?
False
Does 54 divide 21817128?
False
Does 4307 divide 411124685?
True
Does 2008 divide 181003128?
True
Is 17388768 a multiple of 48?
True
Is 3401 a factor of 179351735?
True
Is 192147935 a multiple of 287?
True
Is 791 a factor of 10850938?
True
Is 1314400 a multiple of 53?
True
Is 54539812 a multiple of 8?
False
Is 28 a factor of 418661208?
True
Is 598520044 a multiple of 4271?
False
Is 33 a factor of 11367018?
False
Is 26 a factor of 24998003?
False
Is 270 a factor of 512879834?
False
Does 48 divide 18417003?
False
Does 4006 divide 565493954?
False
Is 6 a factor of 13813739?
False
Is 26 a factor of 1346695142?
True
Is 49 a factor of 367127257?
True
Does 233 divide 555035824?
True
Is 57907746 a multiple of 18?
True
Is 114 a factor of 120600175?
False
Does 78 divide 224701152?
True
Does 259 divide 5471305?
False
Does 10 divide 9617915?
False
Is 510 a factor of 49384459?
False
Is 13905984 a multiple of 1071?
False
Is 2201 a factor of 601394032?
False
Is 2949 a factor of 204934857?
True
Is 322 a factor of 525057742?
False
Does 14 divide 98918554?
True
Does 3 divide 205466080?
False
Does 1857 divide 12154065?
True
Is 6 a factor of 199612319?
False
Does 43 divide 530575065?
True
Does 282 divide 64984080?
True
Does 11 divide 14747989?
False
Is 195 a factor of 15404364?
False
Is 250 a factor of 76413750?
True
Does 50 divide 1460380550?
True
Is 11081438 a multiple of 117?
False
Does 2671 divide 40972685?
False
Does 50 divide 166869235?
False
Is 130369500 a multiple of 60?
True
Does 27 divide 60981211?
False
Is 37 a factor of 411691156?
True
Does 96 divide 164304096?
True
Is 1487 a factor of 675066681?
False
Does 57 divide 111865179?
True
Is 116 a factor of 8942103?
False
Does 1692 divide 56123371?
False
Does 22 divide 7936610?
True
Is 27049264 even?
True
Does 9 divide 258857376?
False
Does 10 divide 539737430?
True
Does 19 divide 29329255?
True
Is 189 a factor of 29701910?
False
Is 4355 a factor of 2519137211?
False
Is 173 a factor of 17840528?
False
Is 10 a factor of 20503020?
True
Does 1593 divide 389095846?
False
Does 10 divide 71503738?
False
Is 2170656926 a multiple of 11?
False
Is 22367180 a multiple of 55?
True
Does 77 divide 18709652?
False
Is 9583526 a multiple of 3293?
False
Is 2060 a factor of 237429420?
True
Does 3072 divide 24126417?
False
Is 10 a factor of 126400365?
False
Is 9 a factor of 54253370?
False
Is 169604085 a multiple of 205?
True
Does 14 divide 91495824?
True
Does 4558 divide 583815104?
False
Is 24 a factor of 70312715?
False
Does 31 divide 17878311?
False
Is 957 a factor of 24475391?
False
Is 1773999941 a multiple of 14?
False
Is 264 a factor of 52870752?
True
Does 1333 divide 3385192?
False
Is 293311479 a multiple of 3?
True
Is 27 a factor of 16480800?
True
Is 59 a factor of 646219330?
True
Is 234 a fac